{"id":182,"date":"2025-06-13T08:48:17","date_gmt":"2025-06-13T08:48:17","guid":{"rendered":"https:\/\/candycabpanels.com\/?page_id=182"},"modified":"2025-10-03T10:53:04","modified_gmt":"2025-10-03T10:53:04","slug":"legal-notice-aviso-legal","status":"publish","type":"page","link":"https:\/\/candycabpanels.com\/index.php\/legal-notice-aviso-legal\/","title":{"rendered":"Legal Notice \/ Aviso legal"},"content":{"rendered":"\n<h3 class=\"wp-block-heading\">1. Legal Information<\/h3>\n\n\n\n<p>In accordance with Spanish Law 34\/2002 (LSSICE), we inform you that this website, <strong>candycabpanels.com<\/strong>, is owned and operated by:<\/p>\n\n\n\n<p><strong>Ediciones H\u00e9roes de Papel, S.L.<\/strong><br>P.I. PIBO, PSO BOLLULLOS DE LA MITACI\u00d3N, 3, LOCAL 4.<br>41110 BOLLULLOS DE LA MITACI\u00d3N (SEVILLA, SPAIN)<br>\ud83d\udce7 <a>hello@candycabpanels.com<\/a><\/p>\n\n\n\n<hr class=\"wp-block-separator has-alpha-channel-opacity\"\/>\n\n\n\n<h4 class=\"wp-block-heading\">2. Purpose of the Website<\/h4>\n\n\n\n<p>This site is dedicated to the sale of custom control panels for Japanese arcade cabinets, and to providing related product information.<\/p>\n\n\n\n<hr class=\"wp-block-separator has-alpha-channel-opacity\"\/>\n\n\n\n<h4 class=\"wp-block-heading\">3. Users<\/h4>\n\n\n\n<p>By accessing or using this site, you accept the terms described in this legal notice.<\/p>\n\n\n\n<hr class=\"wp-block-separator has-alpha-channel-opacity\"\/>\n\n\n\n<h4 class=\"wp-block-heading\">4. Intellectual and Industrial Property <\/h4>\n\n\n\n<p>All website content (texts, logos, images, graphics, etc.) belongs to Ediciones H\u00e9roes de Papel, S.L. or its rightful owners. Any use, reproduction or distribution without permission is prohibited.<\/p>\n\n\n\n<hr class=\"wp-block-separator has-alpha-channel-opacity\"\/>\n\n\n\n<h4 class=\"wp-block-heading\">5. Liability<\/h4>\n\n\n\n<p>Ediciones H\u00e9roes de Papel, S.L. assumes no responsibility for errors in the content, damages caused by its use, or external links.<\/p>\n\n\n\n<hr class=\"wp-block-separator has-alpha-channel-opacity\"\/>\n\n\n\n<h4 class=\"wp-block-heading\">6. Applicable Law and Jurisdiction<\/h4>\n\n\n\n<p>This site is governed by Spanish law. Any dispute shall be subject to the courts of Seville, unless otherwise stated by consumer protection laws.<\/p>\n\n\n\n<p><\/p>\n\n\n\n<hr class=\"wp-block-separator has-alpha-channel-opacity is-style-wide\"\/>\n\n\n\n<h3 class=\"wp-block-heading\">1. Informaci\u00f3n legal<\/h3>\n\n\n\n<p>En cumplimiento de la Ley 34\/2002, de 11 de julio, de servicios de la sociedad de la informaci\u00f3n y de comercio electr\u00f3nico (LSSICE), se informa que esta web, <strong>candycabpanels.com<\/strong>, es titularidad de:<\/p>\n\n\n\n<p><strong>Ediciones H\u00e9roes de Papel, S.L.<\/strong><br>CIF: B90146549<br>Domicilio: P.I. PIBO, PSO BOLLULLOS DE LA MITACI\u00d3N, 3, LOCAL 4.<br>41110 BOLLULLOS DE LA MITACI\u00d3N (SEVILLA, ESPA\u00d1A)<br>Correo de contacto: <strong><a>hello@candycabpanels.com<\/a><\/strong><\/p>\n\n\n\n<hr class=\"wp-block-separator has-alpha-channel-opacity\"\/>\n\n\n\n<h3 class=\"wp-block-heading\">2. Finalidad del sitio web<\/h3>\n\n\n\n<p>Esta p\u00e1gina tiene como objetivo ofrecer y vender paneles de control personalizados (CPO) para m\u00e1quinas recreativas japonesas tipo candy cab, as\u00ed como proporcionar informaci\u00f3n sobre nuestros productos y servicios.<\/p>\n\n\n\n<hr class=\"wp-block-separator has-alpha-channel-opacity\"\/>\n\n\n\n<h3 class=\"wp-block-heading\">3. Usuarios<\/h3>\n\n\n\n<p>El acceso y\/o uso de este sitio web atribuye la condici\u00f3n de usuario, que acepta desde dicho acceso y\/o uso las condiciones recogidas en este Aviso Legal.<\/p>\n\n\n\n<hr class=\"wp-block-separator has-alpha-channel-opacity\"\/>\n\n\n\n<h3 class=\"wp-block-heading\">4. Propiedad intelectual e industrial<\/h3>\n\n\n\n<p>Todos los contenidos de esta web (textos, im\u00e1genes, logotipos, marcas, iconos, etc.) son propiedad de Ediciones H\u00e9roes de Papel, S.L. o de sus leg\u00edtimos titulares. Queda prohibida su reproducci\u00f3n, distribuci\u00f3n, modificaci\u00f3n o comunicaci\u00f3n p\u00fablica sin autorizaci\u00f3n expresa.<\/p>\n\n\n\n<hr class=\"wp-block-separator has-alpha-channel-opacity\"\/>\n\n\n\n<h3 class=\"wp-block-heading\">5. Responsabilidad<\/h3>\n\n\n\n<p>Ediciones H\u00e9roes de Papel, S.L. no se hace responsable de posibles errores en los contenidos ni de da\u00f1os derivados del uso de la informaci\u00f3n de la web, as\u00ed como del funcionamiento de enlaces externos o contenidos de terceros.<\/p>\n\n\n\n<hr class=\"wp-block-separator has-alpha-channel-opacity\"\/>\n\n\n\n<h3 class=\"wp-block-heading\">6. Legislaci\u00f3n aplicable y jurisdicci\u00f3n<\/h3>\n\n\n\n<p>Esta web se rige por la legislaci\u00f3n espa\u00f1ola. Cualquier controversia derivada de su uso se someter\u00e1 a los Juzgados y Tribunales de Sevilla (Espa\u00f1a), salvo en los casos en que la normativa de protecci\u00f3n de consumidores y usuarios establezca otra cosa.<\/p>\n","protected":false},"excerpt":{"rendered":"<p>1. Legal Information In accordance with Spanish Law 34\/2002 (LSSICE), we inform you that this website, candycabpanels.com, is owned and operated by: Ediciones H\u00e9roes de Papel, S.L.P.I. PIBO, PSO BOLLULLOS DE LA MITACI\u00d3N, 3, LOCAL 4.41110 BOLLULLOS DE LA MITACI\u00d3N (SEVILLA, SPAIN)\ud83d\udce7 hello@candycabpanels.com 2. Purpose of the Website This site is dedicated to the sale [&hellip;]<\/p>\n","protected":false},"author":1,"featured_media":0,"parent":0,"menu_order":0,"comment_status":"closed","ping_status":"closed","template":"","meta":{"footnotes":""},"class_list":["post-182","page","type-page","status-publish","hentry"],"blocksy_meta":[],"_links":{"self":[{"href":"https:\/\/candycabpanels.com\/index.php\/wp-json\/wp\/v2\/pages\/182","targetHints":{"allow":["GET"]}}],"collection":[{"href":"https:\/\/candycabpanels.com\/index.php\/wp-json\/wp\/v2\/pages"}],"about":[{"href":"https:\/\/candycabpanels.com\/index.php\/wp-json\/wp\/v2\/types\/page"}],"author":[{"embeddable":true,"href":"https:\/\/candycabpanels.com\/index.php\/wp-json\/wp\/v2\/users\/1"}],"replies":[{"embeddable":true,"href":"https:\/\/candycabpanels.com\/index.php\/wp-json\/wp\/v2\/comments?post=182"}],"version-history":[{"count":3,"href":"https:\/\/candycabpanels.com\/index.php\/wp-json\/wp\/v2\/pages\/182\/revisions"}],"predecessor-version":[{"id":263,"href":"https:\/\/candycabpanels.com\/index.php\/wp-json\/wp\/v2\/pages\/182\/revisions\/263"}],"wp:attachment":[{"href":"https:\/\/candycabpanels.com\/index.php\/wp-json\/wp\/v2\/media?parent=182"}],"curies":[{"name":"wp","href":"https:\/\/api.w.org\/{rel}","templated":true}]}}